{"id":969,"date":"2015-05-02T17:01:18","date_gmt":"2015-05-02T17:01:18","guid":{"rendered":"http:\/\/fundacao-algarvia.pt\/inicio\/?page_id=969"},"modified":"2016-08-30T19:41:41","modified_gmt":"2016-08-30T19:41:41","slug":"recrutamento","status":"publish","type":"page","link":"https:\/\/fundacao-algarvia.pt\/inicio\/recrutamento\/","title":{"rendered":"Recrutamento"},"content":{"rendered":"<div style=\"text-align:justify\">\r\n<h3>Recrutamento<\/h3>\r\nCom mais de cem colaboradores, a <b>Funda\u00e7\u00e3o Algarvia de Desenvolvimento Social (F.A.D.S.)<\/b> recruta habitualmente candidatos para as seguintes fun\u00e7\u00f5es:\r\n<ul>\r\n        <li>Educador(a) de Inf\u00e2ncia<\/li>\r\n        <li>Auxiliar de a\u00e7\u00e3o educativa<\/li>\r\n        <li><a class=\"uk-link-muted\" href=\"https:\/\/fundacao-algarvia.pt\/inicio\/wp-content\/uploads\/Anuncio-Enfermeiros.pdf\" target=\"_blank\">Enfermeiro (a)<\/a><\/li>\r\n\t<li>Auxiliar de a\u00e7\u00e3o m\u00e9dica<\/li>\r\n        <li>Auxiliar de limpeza<\/li>\r\n<\/ul>\r\nSe tem gosto em trabalhar com pessoas, capacidade de ouvir e de aprender, de trabalhar em equipa, se \u00e9 respons\u00e1vel e assertivo e re\u00fane as habilita\u00e7\u00f5es necess\u00e1rias para preencher alguma das categorias mencionadas, envio o seu CV para <a class=\"uk-link-muted\" href=\"mailto:geral@fundacao-algarvia.pt\">geral@fundacao-algarvia.pt<\/a>\r\n<br><br>\r\nA sua candidatura ficar\u00e1 na nossa base de dados e sempre que haja uma vaga dispon\u00edvel poder\u00e1 ser contactado.\r\n<br><br>\r\nVenha fazer parte desta grande fam\u00edlia!\r\n<br><br>\r\n\r\n<\/div>","protected":false},"excerpt":{"rendered":"<p>Recrutamento Com mais de cem colaboradores, a Funda\u00e7\u00e3o Algarvia de Desenvolvimento Social (F.A.D.S.) recruta habitualmente candidatos para as seguintes fun\u00e7\u00f5es: Educador(a) de Inf\u00e2ncia Auxiliar de a\u00e7\u00e3o educativa Enfermeiro (a) Auxiliar de a\u00e7\u00e3o m\u00e9dica Auxiliar de limpeza Se tem gosto em trabalhar com pessoas, capacidade de ouvir e de aprender, de trabalhar em equipa, se \u00e9 [&hellip;]<\/p>\n","protected":false},"author":1,"featured_media":0,"parent":0,"menu_order":0,"comment_status":"closed","ping_status":"closed","template":"","meta":{"footnotes":""},"class_list":["post-969","page","type-page","status-publish","hentry"],"_links":{"self":[{"href":"https:\/\/fundacao-algarvia.pt\/inicio\/wp-json\/wp\/v2\/pages\/969","targetHints":{"allow":["GET"]}}],"collection":[{"href":"https:\/\/fundacao-algarvia.pt\/inicio\/wp-json\/wp\/v2\/pages"}],"about":[{"href":"https:\/\/fundacao-algarvia.pt\/inicio\/wp-json\/wp\/v2\/types\/page"}],"author":[{"embeddable":true,"href":"https:\/\/fundacao-algarvia.pt\/inicio\/wp-json\/wp\/v2\/users\/1"}],"replies":[{"embeddable":true,"href":"https:\/\/fundacao-algarvia.pt\/inicio\/wp-json\/wp\/v2\/comments?post=969"}],"version-history":[{"count":7,"href":"https:\/\/fundacao-algarvia.pt\/inicio\/wp-json\/wp\/v2\/pages\/969\/revisions"}],"predecessor-version":[{"id":1184,"href":"https:\/\/fundacao-algarvia.pt\/inicio\/wp-json\/wp\/v2\/pages\/969\/revisions\/1184"}],"wp:attachment":[{"href":"https:\/\/fundacao-algarvia.pt\/inicio\/wp-json\/wp\/v2\/media?parent=969"}],"curies":[{"name":"wp","href":"https:\/\/api.w.org\/{rel}","templated":true}]}}