{"id":965,"date":"2015-05-02T16:57:57","date_gmt":"2015-05-02T16:57:57","guid":{"rendered":"http:\/\/fundacao-algarvia.pt\/inicio\/?page_id=965"},"modified":"2025-06-04T13:54:12","modified_gmt":"2025-06-04T13:54:12","slug":"quem-somos","status":"publish","type":"page","link":"https:\/\/fundacao-algarvia.pt\/inicio\/quem-somos\/","title":{"rendered":"Quem Somos?!"},"content":{"rendered":"\n<div style=\"text-align: justify;\">\n    <h3>A nossa hist\u00f3ria<\/h3>\n    <p>A <b>Funda\u00e7\u00e3o Algarvia de Desenvolvimento Social (F.A.D.S.)<\/b> \u00e9 uma institui\u00e7\u00e3o vocacionada para a assist\u00eancia\n        social e educativa de crian\u00e7as e idosos, bem como para a promo\u00e7\u00e3o do desenvolvimento cultural e social,\n        constitu\u00edda em Maio de 1996 e reconhecida pela Portaria n\u00ba 296\/96, de 28 de Dezembro, publicada no Di\u00e1rio da\n        Rep\u00fablica, 2\u00aa s\u00e9rie, n\u00ba 300 de 28 de Dezembro de 1996.<\/p>\n    <p>Tem na sua origem como fundadoras as cooperativas <b>CHASFA<\/b> e <a class=\"uk-link-muted\"\n            href=\"http:\/\/www.coobital.pt\"><b>COOBITAL<\/b><\/a>.<\/p>\n    <p>Posteriormente, veio a tornar-se parte integrante do <b>Movimento Cooperativo Habitacional &#8211; Grupo MCH\n            Algarve<\/b> e chamou a si o papel de promover o apoio social, muito especialmente no campo da inf\u00e2ncia desde\n        a sua origem e mais recentemente tamb\u00e9m no campo dos idosos.<\/p>\n    <p>As Creches e Jardins de Inf\u00e2ncia em Faro e Olh\u00e3o, bem como o Centro de Actividades de Tempos Livres em Faro, s\u00e3o\n        equipamentos sociais que j\u00e1 existem desde Setembro de 1991. Actualmente, com a designa\u00e7\u00e3o de \u201cOs Viva\u00e7os\u201d, em\n        que a palavra de ordem \u00e9 &#8220;Qualidade&#8221;, todos os estabelecimentos t\u00eam ocupado um lugar de destaque no panorama\n        educativo da regi\u00e3o.<br>Finalmente, em Janeiro de 2010, a <b>F.A.D.S.<\/b> v\u00ea concretizar um sonho antigo com a\n        abertura de mais uma Creche, na freguesia de Montenegro, constru\u00edda com o apoio do <b>Grupo MCH Algarve<\/b>,\n        <b>C\u00e2mara Municipal de Faro<\/b> e <b>ISSS<\/b> ao abrigo do <b>Programa PARES<\/b>.<\/p>\n    <p>Como Institui\u00e7\u00e3o Particular de Solidariedade Social, a <b>F.A.D.S.<\/b> foi reconhecida como pessoa colectiva de\n        utilidade p\u00fablica e registada em 12 de Fevereiro de 2001 como Funda\u00e7\u00e3o de Solidariedade Social, tendo sido\n        publicado no Di\u00e1rio da Rep\u00fablica III S\u00e9rie, n\u00ba 106 de 8 de Maio de 2001.<\/p>\n    <h3>Estatutos<\/h3>\n    <p>Consulte os Estatutos da <b>Funda\u00e7\u00e3o Algarvia de Desenvolvimento Social<\/b> <a class=\"uk-link-muted\"\n            href=\"https:\/\/fundacao-algarvia.pt\/inicio\/wp-content\/uploads\/Estatudos-da-Funda\u00e7\u00e3o.pdf\" target=\"_blank\"\n            rel=\"noopener noreferrer\">aqui<\/a><\/p>\n    <h3>Vis\u00e3o,Miss\u00e3o e Valores<\/h3>\n    <ul>\n        <li><b> Vis\u00e3o:<\/b> Ser uma IPSS de refer\u00eancia nacional.<\/li>\n        <li><b> Miss\u00e3o:<\/b> Garantir a qualidade e excel\u00eancia dos servi\u00e7os prestados, maximizando valor para\n            utilizadores e respetivas fam\u00edlias.<\/li>\n        <li><b> Valores:<\/b> Responsabilidade social, honestidade, integridade, transpar\u00eancia, confidencialidade, rigor,\n            respeito e credibilidade.<\/li>\n    <\/ul>\n    <h3>A nossa equipa<\/h3>\n    <p>A nossa equipa \u00e9 composta por um conjunto de profissionais com vasta experi\u00eancia no sector e com forma\u00e7\u00e3o\n        acad\u00e9mica e\/ou profissional adequada. O desenvolvimento pessoal e profissional da nossa equipa \u00e9 a garantia de\n        qualidade e excel\u00eancia dos servi\u00e7os prestados, a busca pelo saber, a necessidade de aprofundar conhecimentos e\n        desenvolver novas compet\u00eancias \u00e9 o que torna a nossa equipa multifacetada e din\u00e2mica. Afinal, s\u00e3o os rostos\n        presentes em cada uma das institui\u00e7\u00f5es que garantem a credibilidade e bom-nome da <b>Funda\u00e7\u00e3o Algarvia de\n            Desenvolvimento Social<\/b>.<\/p>\n    <h3>Org\u00e3os Sociais<\/h3>\n    <p>Consulte os Org\u00e3os Sociais da <b>Funda\u00e7\u00e3o Algarvia de Desenvolvimento Social<\/b> <a class=\"uk-link-muted\"\n            href=\"https:\/\/fundacao-algarvia.pt\/inicio\/wp-content\/uploads\/\u00d3rgaos-Sociais-FADS.pdf\" target=\"_blank\"\n            rel=\"noopener noreferrer\">aqui<\/a><\/p>\n    <h3>Planos e Or\u00e7amentos<\/h3>\n    <ul>\n        <li><a class=\"uk-link-muted\"\n                href=\"https:\/\/fundacao-algarvia.pt\/inicio\/wp-content\/uploads\/Plano-e-Or\u00e7amento-Funda\u00e7\u00e3o-2014.pdf\"\n                target=\"_blank\" rel=\"noopener noreferrer\">2014<\/a><\/li>\n        <li><a class=\"uk-link-muted\"\n                href=\"https:\/\/fundacao-algarvia.pt\/inicio\/wp-content\/uploads\/Plano-e-Orcamento-Funcacao-2015.pdf\"\n                target=\"_blank\" rel=\"noopener noreferrer\">2015<\/a><\/li>\n        <li><a class=\"uk-link-muted\"\n                href=\"https:\/\/fundacao-algarvia.pt\/inicio\/wp-content\/uploads\/Plano-de-Atividade-e-Or\u00e7amento-2016.pdf\"\n                target=\"_blank\" rel=\"noopener noreferrer\">2016<\/a><\/li>\n        <li><a class=\"uk-link-muted\"\n                href=\"https:\/\/fundacao-algarvia.pt\/inicio\/wp-content\/uploads\/Plano-de-Atividades-e-Or\u00e7amento-2017.pdf\"\n                target=\"_blank\" rel=\"noopener noreferrer\">2017<\/a><\/li>\n    <\/ul>\n    <h3>Relat\u00f3rios de Gest\u00e3o<\/h3>\n    <ul>\n        <li style=\"list-style-type: none;\">\n            <ul>\n                <li><strong>2012<\/strong>\n                    <ul>\n                        <li><a class=\"uk-link-muted\"\n                                href=\"https:\/\/fundacao-algarvia.pt\/inicio\/wp-content\/uploads\/Relat\u00f3rio-e-Contas-2012.pdf\"\n                                target=\"_blank\" rel=\"noopener noreferrer\">Relat\u00f3rios e Contas<\/a><\/li>\n                        <li><a class=\"uk-link-muted\"\n                                href=\"https:\/\/fundacao-algarvia.pt\/inicio\/wp-content\/uploads\/Relat\u00f3rio-e-Parecer-do-ROC-2012.pdf\"\n                                target=\"_blank\" rel=\"noopener noreferrer\">Relat\u00f3rios e Parecer do ROC<\/a><\/li>\n                    <\/ul>\n                <\/li>\n                <li><strong>2013<\/strong>\n                    <ul>\n                        <li><a class=\"uk-link-muted\"\n                                href=\"https:\/\/fundacao-algarvia.pt\/inicio\/wp-content\/uploads\/Relat\u00f3rio-e-Contas-2013.pdf\"\n                                target=\"_blank\" rel=\"noopener noreferrer\">Relat\u00f3rios e Contas<\/a><\/li>\n                        <li><a class=\"uk-link-muted\"\n                                href=\"https:\/\/fundacao-algarvia.pt\/inicio\/wp-content\/uploads\/Relat\u00f3rio-e-Parecer-do-ROC-2013.pdf\"\n                                target=\"_blank\" rel=\"noopener noreferrer\">Relat\u00f3rios e Parecer do ROC<\/a><\/li>\n                    <\/ul>\n                <\/li>\n                <li><strong>2014<\/strong>\n                    <ul>\n                        <li><a class=\"uk-link-muted\"\n                                href=\"https:\/\/fundacao-algarvia.pt\/inicio\/wp-content\/uploads\/Relat\u00f3rio-e-Contas-2014.pdf\"\n                                target=\"_blank\" rel=\"noopener noreferrer\">Relat\u00f3rios e Contas<\/a><\/li>\n                        <li><a class=\"uk-link-muted\"\n                                href=\"https:\/\/fundacao-algarvia.pt\/inicio\/wp-content\/uploads\/Relat\u00f3rio-e-Parecer-do-ROC-2014.pdf\"\n                                target=\"_blank\" rel=\"noopener noreferrer\">Relat\u00f3rios e Parecer do ROC<\/a><\/li>\n                    <\/ul>\n                <\/li>\n                <li><strong>2015<\/strong>\n                    <ul>\n                        <li><a class=\"uk-link-muted\"\n                                href=\"https:\/\/fundacao-algarvia.pt\/inicio\/wp-content\/uploads\/Relat\u00f3rio-e-Contas-2015-assinado.pdf\"\n                                target=\"_blank\" rel=\"noopener noreferrer\">Relat\u00f3rios e Contas<\/a><\/li>\n                        <li><a class=\"uk-link-muted\"\n                                href=\"https:\/\/fundacao-algarvia.pt\/inicio\/wp-content\/uploads\/Relat\u00f3rio-e-Parecer-do-ROC_Funda\u00e7\u00e3o_2015.pdf\"\n                                target=\"_blank\" rel=\"noopener noreferrer\">Relat\u00f3rios e Parecer do ROC<\/a><\/li>\n                    <\/ul>\n                <\/li>\n                <li><strong>2016<\/strong>\n                    <ul>\n                        <li><a class=\"uk-link-muted\"\n                                href=\"https:\/\/fundacao-algarvia.pt\/inicio\/wp-content\/uploads\/Relat\u00f3rio-e-Contas-2016-assinado.pdf\"\n                                target=\"_blank\" rel=\"noopener noreferrer\">Relat\u00f3rios e Contas<\/a><\/li>\n                    <\/ul>\n                <\/li>\n                <li><strong>2017<\/strong>\n                    <ul>\n                        <li><a class=\"uk-link-muted\"\n                                href=\"https:\/\/fundacao-algarvia.pt\/inicio\/wp-content\/uploads\/Relat\u00f3rio-e-Contas-2017.pdf\"\n                                target=\"_blank\" rel=\"noopener noreferrer\">Relat\u00f3rios e Contas<\/a><\/li>\n                        <li><a class=\"uk-link-muted\"\n                                href=\"https:\/\/fundacao-algarvia.pt\/inicio\/wp-content\/uploads\/Relat\u00f3rio-e-Parecer-2017.pdf\"\n                                target=\"_blank\" rel=\"noopener noreferrer\">Relat\u00f3rio e Parecer do ROC<\/a><\/li>\n                    <\/ul>\n                <\/li>\n                <li><strong>2018<\/strong>\n                    <ul>\n                        <li><a class=\"uk-link-muted\"\n                                href=\"https:\/\/fundacao-algarvia.pt\/inicio\/wp-content\/uploads\/Relat\u00f3rio-e-Contas-2018.pdf\"\n                                target=\"_blank\" rel=\"noopener noreferrer\">Relat\u00f3rios e Contas<\/a><\/li>\n                        <li><a class=\"uk-link-muted\"\n                                href=\"https:\/\/fundacao-algarvia.pt\/inicio\/wp-content\/uploads\/Relat\u00f3rio-e-Parecer-2018.pdf\"\n                                target=\"_blank\" rel=\"noopener noreferrer\">Relat\u00f3rio e Parecer do ROC<\/a><\/li>\n                    <\/ul>\n                <\/li>\n                <li><strong>2019<\/strong>\n                    <ul>\n                        <li><a class=\"uk-link-muted\"\n                                href=\"https:\/\/fundacao-algarvia.pt\/inicio\/wp-content\/uploads\/Relat\u00f3rio-e-Contas-2019.pdf\"\n                                target=\"_blank\" rel=\"noopener noreferrer\">Relat\u00f3rios e Contas<\/a><\/li>\n                        <li><a class=\"uk-link-muted\"\n                                href=\"https:\/\/fundacao-algarvia.pt\/inicio\/wp-content\/uploads\/Relat\u00f3rio-e-Parecer-2019.pdf\"\n                                target=\"_blank\" rel=\"noopener noreferrer\">Relat\u00f3rio e Parecer do ROC<\/a><\/li>\n                    <\/ul>\n                <\/li>\n                <li><strong>2020<\/strong>\n                    <ul>\n                        <li><a class=\"uk-link-muted\"\n                                href=\"https:\/\/fundacao-algarvia.pt\/inicio\/wp-content\/uploads\/Relat\u00f3rio-e-Contas-2020.pdf\"\n                                target=\"_blank\" rel=\"noopener noreferrer\">Relat\u00f3rios e Contas<\/a><\/li>\n                        <li><a class=\"uk-link-muted\"\n                                href=\"https:\/\/fundacao-algarvia.pt\/inicio\/wp-content\/uploads\/Relat\u00f3rio-e-Parecer-2020.pdf\"\n                                target=\"_blank\" rel=\"noopener noreferrer\">Relat\u00f3rio e Parecer do ROC<\/a><\/li>\n                    <\/ul>\n                <\/li>\n                <li><strong>2021<\/strong>\n                    <ul>\n                        <li><a class=\"uk-link-muted\"\n                                href=\"https:\/\/fundacao-algarvia.pt\/inicio\/wp-content\/uploads\/Relat\u00f3rio-e-Contas-2021.pdf\"\n                                target=\"_blank\" rel=\"noopener noreferrer\">Relat\u00f3rios e Contas<\/a><\/li>\n                        <li><a class=\"uk-link-muted\"\n                                href=\"https:\/\/fundacao-algarvia.pt\/inicio\/wp-content\/uploads\/Relat\u00f3rio-e-Parecer-2021.pdf\"\n                                target=\"_blank\" rel=\"noopener noreferrer\">Relat\u00f3rio e Parecer do ROC<\/a><\/li>\n                    <\/ul>\n                <\/li>\n                <li><strong>2022<\/strong>\n                    <ul>\n                        <li><a class=\"uk-link-muted\"\n                                href=\"https:\/\/fundacao-algarvia.pt\/inicio\/wp-content\/uploads\/Relat\u00f3rio-e-Contas-2022.pdf\"\n                                target=\"_blank\" rel=\"noopener noreferrer\">Relat\u00f3rios e Contas<\/a><\/li>\n                        <li><a class=\"uk-link-muted\"\n                                href=\"https:\/\/fundacao-algarvia.pt\/inicio\/wp-content\/uploads\/Relat\u00f3rio-e-Parecer-2022.pdf\"\n                                target=\"_blank\" rel=\"noopener noreferrer\">Relat\u00f3rio e Parecer do ROC<\/a><\/li>\n                    <\/ul>\n                <\/li>\n                <li><strong>2023<\/strong>\n                    <ul>\n                        <li><a class=\"uk-link-muted\"\n                                href=\"https:\/\/fundacao-algarvia.pt\/inicio\/wp-content\/uploads\/Relat\u00f3rio-e-Contas-2023.pdf\"\n                                target=\"_blank\" rel=\"noopener noreferrer\">Relat\u00f3rios e Contas<\/a><\/li>\n                        <li><a class=\"uk-link-muted\"\n                                href=\"https:\/\/fundacao-algarvia.pt\/inicio\/wp-content\/uploads\/Relat\u00f3rio-e-Parecer-2023.pdf\"\n                                target=\"_blank\" rel=\"noopener noreferrer\">Relat\u00f3rio e Parecer do ROC<\/a><\/li>\n                    <\/ul>\n                <\/li>\n                <li><strong>2024<\/strong>\n                    <ul>\n                        <li><a class=\"uk-link-muted\"\n                                href=\"https:\/\/fundacao-algarvia.pt\/inicio\/wp-content\/uploads\/Relat\u00f3rio-e-Contas-2024.pdf\"\n                                target=\"_blank\" rel=\"noopener noreferrer\">Relat\u00f3rios e Contas<\/a><\/li>\n                        <!-- <li><a class=\"uk-link-muted\"\n                                href=\"https:\/\/fundacao-algarvia.pt\/inicio\/wp-content\/uploads\/Relat\u00f3rio-e-Parecer-2023.pdf\"\n                                target=\"_blank\" rel=\"noopener noreferrer\">Relat\u00f3rio e Parecer do ROC<\/a><\/li> -->\n                    <\/ul>\n                <\/li>\n            <\/ul>\n        <\/li>\n    <\/ul>\n\n    <h3>Documenta\u00e7\u00e3o<\/h3>\n    <ul>\n        <li><a class=\"uk-link-muted\"\n                href=\"https:\/\/fundacao-algarvia.pt\/inicio\/wp-content\/uploads\/Reconhecimento-da-FADS-pelo-Min.-Administra\u00e7\u00e3o-P\u00fablica.pdf\"\n                target=\"_blank\" rel=\"noopener noreferrer\">Reconhecimento da <b>Funda\u00e7\u00e3o Algarvia de Desenvolvimento\n                    Social<\/b> pelo Minist\u00e9rio da Administra\u00e7\u00e3o P\u00fablica<\/a><\/li>\n        <li><a class=\"uk-link-muted\"\n                href=\"https:\/\/fundacao-algarvia.pt\/inicio\/wp-content\/uploads\/Escritura-Constituicao-FADS.pdf\"\n                target=\"_blank\" rel=\"noopener noreferrer\">Escritura Constitui\u00e7\u00e3o da <b>Funda\u00e7\u00e3o Algarvia de\n                    Desenvolvimento Social<\/b><\/a><\/li>\n        <li><a class=\"uk-link-muted\"\n                href=\"https:\/\/fundacao-algarvia.pt\/inicio\/wp-content\/uploads\/Reconhecimento-da-FADS-como-Inst.-S.-social.pdf\"\n                target=\"_blank\" rel=\"noopener noreferrer\">Reconhecimento da <b>Funda\u00e7\u00e3o Algarvia de Desenvolvimento\n                    Social<\/b> como Institui\u00e7\u00e3o Social<\/a><\/li>\n        <li><a class=\"uk-link-muted\"\n                href=\"https:\/\/fundacao-algarvia.pt\/inicio\/wp-content\/uploads\/Publica\u00e7\u00e3o-da-Const.-da-FADS-em-D.-Repl\u00fablica.pdf\"\n                target=\"_blank\" rel=\"noopener noreferrer\">Publica\u00e7\u00e3o da Constitui\u00e7\u00e3o da <b>Funda\u00e7\u00e3o Algarvia de\n                    Desenvolvimento Social<\/b> em Di\u00e1rio da Rep\u00fablica<\/a><\/li>\n        <li><a class=\"uk-link-muted\" href=\"https:\/\/fundacao-algarvia.pt\/inicio\/wp-content\/uploads\/Patrim\u00f3nio-FADS.pdf\"\n                target=\"_blank\" rel=\"noopener noreferrer\">Patrim\u00f3nio da <b>Funda\u00e7\u00e3o Algarvia de Desenvolvimento\n                    Social<\/b><\/a><\/li>\n        <li><a class=\"uk-link-muted\"\n                href=\"https:\/\/fundacao-algarvia.pt\/inicio\/wp-content\/uploads\/montante_dos_apoios_financeiros_da_administracao_publica.pdf\"\n                target=\"_blank\" rel=\"noopener noreferrer\">Montante dos Apoios Financeiros da Administra\u00e7\u00e3o\n                P\u00fablica<\/b><\/a><\/li>\n        <li><a class=\"uk-link-muted\"\n                href=\"https:\/\/fundacao-algarvia.pt\/inicio\/wp-content\/uploads\/codigo_de_etica_e_conduta.pdf\"\n                target=\"_blank\" rel=\"noopener noreferrer\">C\u00f3digo de \u00c9tica e Conduta<\/b><\/a><\/li>\n    <\/ul>\n<\/div>\n","protected":false},"excerpt":{"rendered":"<p>A nossa hist\u00f3ria A Funda\u00e7\u00e3o Algarvia de Desenvolvimento Social (F.A.D.S.) \u00e9 uma institui\u00e7\u00e3o vocacionada para a assist\u00eancia social e educativa de crian\u00e7as e idosos, bem como para a promo\u00e7\u00e3o do desenvolvimento cultural e social, constitu\u00edda em Maio de 1996 e reconhecida pela Portaria n\u00ba 296\/96, de 28 de Dezembro, publicada no Di\u00e1rio da Rep\u00fablica, 2\u00aa [&hellip;]<\/p>\n","protected":false},"author":1,"featured_media":0,"parent":0,"menu_order":0,"comment_status":"closed","ping_status":"closed","template":"","meta":{"footnotes":""},"class_list":["post-965","page","type-page","status-publish","hentry"],"_links":{"self":[{"href":"https:\/\/fundacao-algarvia.pt\/inicio\/wp-json\/wp\/v2\/pages\/965","targetHints":{"allow":["GET"]}}],"collection":[{"href":"https:\/\/fundacao-algarvia.pt\/inicio\/wp-json\/wp\/v2\/pages"}],"about":[{"href":"https:\/\/fundacao-algarvia.pt\/inicio\/wp-json\/wp\/v2\/types\/page"}],"author":[{"embeddable":true,"href":"https:\/\/fundacao-algarvia.pt\/inicio\/wp-json\/wp\/v2\/users\/1"}],"replies":[{"embeddable":true,"href":"https:\/\/fundacao-algarvia.pt\/inicio\/wp-json\/wp\/v2\/comments?post=965"}],"version-history":[{"count":52,"href":"https:\/\/fundacao-algarvia.pt\/inicio\/wp-json\/wp\/v2\/pages\/965\/revisions"}],"predecessor-version":[{"id":1290,"href":"https:\/\/fundacao-algarvia.pt\/inicio\/wp-json\/wp\/v2\/pages\/965\/revisions\/1290"}],"wp:attachment":[{"href":"https:\/\/fundacao-algarvia.pt\/inicio\/wp-json\/wp\/v2\/media?parent=965"}],"curies":[{"name":"wp","href":"https:\/\/api.w.org\/{rel}","templated":true}]}}